{"id":91,"date":"2025-09-09T19:27:01","date_gmt":"2025-09-09T19:27:01","guid":{"rendered":"https:\/\/matto-barfuss-stiftung.de\/de\/?page_id=91"},"modified":"2025-09-10T09:25:20","modified_gmt":"2025-09-10T09:25:20","slug":"globale-verantwortung","status":"publish","type":"page","link":"https:\/\/matto-barfuss-stiftung.de\/de\/globale-verantwortung\/","title":{"rendered":"Globale Verantwortung &#8218;ARTenVIELFALT"},"content":{"rendered":"\n<p class=\"has-text-align-center\"><strong>Biodiversit\u00e4t in Afrika und vor \u201eunserer Haust\u00fcr\u201c in Europa geh\u00f6ren zusammen<\/strong> <strong>Ein Projekt der Matto Barfuss Stiftung f\u00fcr Kommunen, Kultur\u00e4mter,&nbsp;Schulen und Unternehmen<\/strong><\/p>\n\n\n\n<figure class=\"wp-block-gallery alignfull has-nested-images columns-default is-cropped wp-block-gallery-1 is-layout-flex wp-block-gallery-is-layout-flex\">\n<figure class=\"wp-block-image size-large\"><img loading=\"lazy\" decoding=\"async\" width=\"1024\" height=\"768\" data-id=\"83\" src=\"https:\/\/matto-barfuss-stiftung.de\/wp-content\/uploads\/2025\/07\/DSC07735-Kopie-1024x768.jpeg\" alt=\"\" class=\"wp-image-83\" srcset=\"https:\/\/matto-barfuss-stiftung.de\/wp-content\/uploads\/2025\/07\/DSC07735-Kopie-1024x768.jpeg 1024w, https:\/\/matto-barfuss-stiftung.de\/wp-content\/uploads\/2025\/07\/DSC07735-Kopie-300x225.jpeg 300w, https:\/\/matto-barfuss-stiftung.de\/wp-content\/uploads\/2025\/07\/DSC07735-Kopie-768x576.jpeg 768w, https:\/\/matto-barfuss-stiftung.de\/wp-content\/uploads\/2025\/07\/DSC07735-Kopie-1536x1152.jpeg 1536w, https:\/\/matto-barfuss-stiftung.de\/wp-content\/uploads\/2025\/07\/DSC07735-Kopie.jpeg 1920w\" sizes=\"auto, (max-width: 1024px) 100vw, 1024px\" \/><\/figure>\n\n\n\n<figure class=\"wp-block-image size-large\"><img loading=\"lazy\" decoding=\"async\" width=\"1024\" height=\"683\" data-id=\"84\" src=\"https:\/\/matto-barfuss-stiftung.de\/wp-content\/uploads\/2025\/07\/P1170947-Kopie-1024x683.jpeg\" alt=\"\" class=\"wp-image-84\" srcset=\"https:\/\/matto-barfuss-stiftung.de\/wp-content\/uploads\/2025\/07\/P1170947-Kopie-1024x683.jpeg 1024w, https:\/\/matto-barfuss-stiftung.de\/wp-content\/uploads\/2025\/07\/P1170947-Kopie-300x200.jpeg 300w, https:\/\/matto-barfuss-stiftung.de\/wp-content\/uploads\/2025\/07\/P1170947-Kopie-768x512.jpeg 768w, https:\/\/matto-barfuss-stiftung.de\/wp-content\/uploads\/2025\/07\/P1170947-Kopie-1536x1024.jpeg 1536w, https:\/\/matto-barfuss-stiftung.de\/wp-content\/uploads\/2025\/07\/P1170947-Kopie.jpeg 1920w\" sizes=\"auto, (max-width: 1024px) 100vw, 1024px\" \/><\/figure>\n\n\n\n<figure class=\"wp-block-image size-large\"><img loading=\"lazy\" decoding=\"async\" width=\"1024\" height=\"768\" data-id=\"82\" src=\"https:\/\/matto-barfuss-stiftung.de\/wp-content\/uploads\/2025\/07\/DSC06947-Kopie-1024x768.jpeg\" alt=\"\" class=\"wp-image-82\" srcset=\"https:\/\/matto-barfuss-stiftung.de\/wp-content\/uploads\/2025\/07\/DSC06947-Kopie-1024x768.jpeg 1024w, https:\/\/matto-barfuss-stiftung.de\/wp-content\/uploads\/2025\/07\/DSC06947-Kopie-300x225.jpeg 300w, https:\/\/matto-barfuss-stiftung.de\/wp-content\/uploads\/2025\/07\/DSC06947-Kopie-768x576.jpeg 768w, https:\/\/matto-barfuss-stiftung.de\/wp-content\/uploads\/2025\/07\/DSC06947-Kopie-1536x1152.jpeg 1536w, https:\/\/matto-barfuss-stiftung.de\/wp-content\/uploads\/2025\/07\/DSC06947-Kopie.jpeg 1980w\" sizes=\"auto, (max-width: 1024px) 100vw, 1024px\" \/><\/figure>\n<\/figure>\n\n\n\n<p><strong>f\u00fcr Schulen&#8230;<\/strong><\/p>\n\n\n\n<p>Matto kommt und zeigt seine Multivision als 60 Minuten Variante mit anschlie\u00dfend ausf\u00fchrlicher Fragerunde und Hinf\u00fchrung zum Thema Artenschutz im globalen Zusammenhang &#8211; auch das Thema, dass z.B. V\u00f6gel, die bei uns br\u00fcten in Afrika \u00fcberwintern und schon von daher Kommunikation und gemeinsame Bem\u00fchungen f\u00fcr Artenvielfalt Sinn machen.<\/p>\n\n\n\n<p>Die Kinder agieren als \u201aglobale Botschafter\u2018. Das kann sein, dass Sie Kunstwerke zum Thema gestalten, einen Kurzfilm erstellen, einen Appell als Kapitel f\u00fcr das nun interaktive Schulbuch (siehe Kasten). Die Kinder sind aktive und verantwortliche Partei auf eine positive und progressive Art f\u00fcr ein wichtiges Thema.<\/p>\n\n\n\n<p><strong>&#8230; f\u00fcr Kommunen<\/strong><\/p>\n\n\n\n<p>Das Thema globale Verantwortung und Biodiversit\u00e4t wird von uns in verschiedenen Medien zur Verf\u00fcgung gestellt. Es gibt folgende M\u00f6glichkeiten:<\/p>\n\n\n\n<p>&#8211; Abendf\u00fcllende Live-Multivision mit Matto Barfuss mit und ohne Fragerunde<\/p>\n\n\n\n<p>&#8211; Ausstellung der Kunstsammlung PAMBARA zum Thema &#8222;Wie gehen wir mit unserem Planeten um und wem geh\u00f6rt er&#8220;<\/p>\n\n\n\n<p>&#8211; Diskussionsveranstaltungen<\/p>\n\n\n\n<p><strong>&#8230; f\u00fcr regionale Unternehmen<\/strong><\/p>\n\n\n\n<p>&#8211; Incentives<\/p>\n\n\n\n<p>&#8211; Flagge zeigen f\u00fcr die regionale St\u00e4rke. Kinder, die fr\u00fch an globale Verantwortung herangef\u00fchrt werden, werden starke Pers\u00f6nlichkeiten, die sich in einer komplexen Welt durchsetzen k\u00f6nnen. Unternehmen, die diese Projekte unterst\u00fctzen, haben die Chance auf engagierte&nbsp;<\/p>\n\n\n\n<p>Mitarbeiter in der Zukunft und eine starke regionale Entwicklung (Standortvorteil).<\/p>\n\n\n\n<p><\/p>\n\n\n\n<p><strong>&#8230; der Mehrwert f\u00fcr alle<\/strong><\/p>\n\n\n\n<p>Unsere Welt ist komplex und steht vor gro\u00dfen Herausforderungen. Projekte wie diese, die das Zuh\u00f6ren, Verstehen, Diskutieren und Handeln f\u00f6rdern setzen ein Zeichen f\u00fcr eine globale Zukunftsperspektive mit einer engagierten Gesellschaft.<\/p>\n\n\n\n<p><\/p>\n\n\n\n<p>Kontakt: <a href=\"mailto:mail@matto-barfuss.de\">mail@matto-barfuss.de<\/a><\/p>\n\n\n<div class=\"wp-block-image\">\n<figure class=\"aligncenter size-large is-resized has-lightbox\"><a href=\"https:\/\/matto-barfuss-stiftung.de\/wp-content\/uploads\/2025\/07\/Projekt-Artenvielfalt-und-globale-Verantwortung.pdf\" target=\"_blank\" rel=\" noreferrer noopener\"><img loading=\"lazy\" decoding=\"async\" width=\"722\" height=\"1024\" src=\"https:\/\/matto-barfuss-stiftung.de\/wp-content\/uploads\/2025\/07\/SH-Konzept-Artenschutz-und-globale-Verantwortung-Kopie-722x1024.jpg\" alt=\"Artenvielfalt als Eventkonzept\" class=\"wp-image-95\" style=\"width:304px;height:auto\" srcset=\"https:\/\/matto-barfuss-stiftung.de\/wp-content\/uploads\/2025\/07\/SH-Konzept-Artenschutz-und-globale-Verantwortung-Kopie-722x1024.jpg 722w, https:\/\/matto-barfuss-stiftung.de\/wp-content\/uploads\/2025\/07\/SH-Konzept-Artenschutz-und-globale-Verantwortung-Kopie-212x300.jpg 212w, https:\/\/matto-barfuss-stiftung.de\/wp-content\/uploads\/2025\/07\/SH-Konzept-Artenschutz-und-globale-Verantwortung-Kopie-768x1089.jpg 768w, https:\/\/matto-barfuss-stiftung.de\/wp-content\/uploads\/2025\/07\/SH-Konzept-Artenschutz-und-globale-Verantwortung-Kopie-1084x1536.jpg 1084w, https:\/\/matto-barfuss-stiftung.de\/wp-content\/uploads\/2025\/07\/SH-Konzept-Artenschutz-und-globale-Verantwortung-Kopie-1445x2048.jpg 1445w, https:\/\/matto-barfuss-stiftung.de\/wp-content\/uploads\/2025\/07\/SH-Konzept-Artenschutz-und-globale-Verantwortung-Kopie.jpg 1528w\" sizes=\"auto, (max-width: 722px) 100vw, 722px\" \/><\/a><figcaption class=\"wp-element-caption\">Hier ein interaktives PDF zu einer m\u00f6glichen Veranstaltung oder Veranstaltungsreihe in Eurer Kommune oder Schule. (auf das Bild klicken).<\/figcaption><\/figure>\n<\/div>\n\n\n<hr class=\"wp-block-coblocks-dynamic-separator\" style=\"height:50px\"\/>\n\n\n\n<h4 class=\"wp-block-heading\">Hier Trailer der zwei Pr\u00e4sentationen, die es in 100 und 60 Minuten Fassungen gibt:<\/h4>\n\n\n\n<div class=\"wp-block-columns alignfull is-layout-flex wp-container-core-columns-is-layout-9d6595d7 wp-block-columns-is-layout-flex\">\n<div class=\"wp-block-column is-layout-flow wp-block-column-is-layout-flow\">\n<figure class=\"wp-block-embed is-type-video is-provider-vimeo wp-block-embed-vimeo wp-embed-aspect-16-9 wp-has-aspect-ratio\"><div class=\"wp-block-embed__wrapper\">\n<iframe loading=\"lazy\" title=\"Wild und Weit - 30 Jahre - Showtrailer\" src=\"https:\/\/player.vimeo.com\/video\/1032399593?dnt=1&amp;app_id=122963\" width=\"660\" height=\"371\" frameborder=\"0\" allow=\"autoplay; fullscreen; picture-in-picture; clipboard-write; encrypted-media; web-share\" referrerpolicy=\"strict-origin-when-cross-origin\"><\/iframe>\n<\/div><\/figure>\n<\/div>\n\n\n\n<div class=\"wp-block-column is-layout-flow wp-block-column-is-layout-flow\">\n<figure class=\"wp-block-embed is-type-video is-provider-vimeo wp-block-embed-vimeo wp-embed-aspect-16-9 wp-has-aspect-ratio\"><div class=\"wp-block-embed__wrapper\">\n<iframe loading=\"lazy\" title=\"AFRIKA - 30 wilde Jahre f\u00fcr die Vielfalt\" src=\"https:\/\/player.vimeo.com\/video\/1028139582?dnt=1&amp;app_id=122963\" width=\"660\" height=\"371\" frameborder=\"0\" allow=\"autoplay; fullscreen; picture-in-picture; clipboard-write; encrypted-media; web-share\" referrerpolicy=\"strict-origin-when-cross-origin\"><\/iframe>\n<\/div><\/figure>\n<\/div>\n<\/div>\n\n\n\n<div class=\"wp-block-columns is-layout-flex wp-container-core-columns-is-layout-9d6595d7 wp-block-columns-is-layout-flex\">\n<div class=\"wp-block-column is-layout-flow wp-block-column-is-layout-flow\"><\/div>\n\n\n\n<div class=\"wp-block-column is-layout-flow wp-block-column-is-layout-flow\"><\/div>\n\n\n\n<div class=\"wp-block-column is-layout-flow wp-block-column-is-layout-flow\"><\/div>\n\n\n\n<div class=\"wp-block-column is-layout-flow wp-block-column-is-layout-flow\"><\/div>\n<\/div>\n\n\n\n<div class=\"wp-block-columns alignfull is-layout-flex wp-container-core-columns-is-layout-9d6595d7 wp-block-columns-is-layout-flex\">\n<div class=\"wp-block-column is-layout-flow wp-block-column-is-layout-flow\" style=\"flex-basis:20%\"><\/div>\n<\/div>\n\n\n\n<p><\/p>\n\n\n\n<p><\/p>\n","protected":false},"excerpt":{"rendered":"<p>Biodiversit\u00e4t in Afrika und vor \u201eunserer Haust\u00fcr\u201c in Europa geh\u00f6ren zusammen Ein Projekt der Matto Barfuss Stiftung f\u00fcr Kommunen, Kultur\u00e4mter,&nbsp;Schulen und Unternehmen f\u00fcr Schulen&#8230; Matto kommt und zeigt seine Multivision als 60 Minuten Variante mit anschlie\u00dfend ausf\u00fchrlicher Fragerunde und Hinf\u00fchrung zum Thema Artenschutz im globalen Zusammenhang &#8211; auch das Thema, dass z.B. V\u00f6gel, die bei [&hellip;]<\/p>\n","protected":false},"author":1,"featured_media":0,"parent":0,"menu_order":0,"comment_status":"closed","ping_status":"closed","template":"","meta":{"_coblocks_attr":"","_coblocks_dimensions":"","_coblocks_responsive_height":"","_coblocks_accordion_ie_support":"","hide_page_title":"","footnotes":""},"class_list":["post-91","page","type-page","status-publish","hentry"],"_links":{"self":[{"href":"https:\/\/matto-barfuss-stiftung.de\/de\/wp-json\/wp\/v2\/pages\/91","targetHints":{"allow":["GET"]}}],"collection":[{"href":"https:\/\/matto-barfuss-stiftung.de\/de\/wp-json\/wp\/v2\/pages"}],"about":[{"href":"https:\/\/matto-barfuss-stiftung.de\/de\/wp-json\/wp\/v2\/types\/page"}],"author":[{"embeddable":true,"href":"https:\/\/matto-barfuss-stiftung.de\/de\/wp-json\/wp\/v2\/users\/1"}],"replies":[{"embeddable":true,"href":"https:\/\/matto-barfuss-stiftung.de\/de\/wp-json\/wp\/v2\/comments?post=91"}],"version-history":[{"count":8,"href":"https:\/\/matto-barfuss-stiftung.de\/de\/wp-json\/wp\/v2\/pages\/91\/revisions"}],"predecessor-version":[{"id":184,"href":"https:\/\/matto-barfuss-stiftung.de\/de\/wp-json\/wp\/v2\/pages\/91\/revisions\/184"}],"wp:attachment":[{"href":"https:\/\/matto-barfuss-stiftung.de\/de\/wp-json\/wp\/v2\/media?parent=91"}],"curies":[{"name":"wp","href":"https:\/\/api.w.org\/{rel}","templated":true}]}}

<p class="has-text-align-center"><strong>Biodiversität in Afrika und vor „unserer Haustür“ in Europa gehören zusammen</strong> <strong>Ein Projekt der Matto Barfuss Stiftung für Kommunen, Kulturämter,&nbsp;Schulen und Unternehmen</strong></p>



<figure class="wp-block-gallery alignfull has-nested-images columns-default is-cropped wp-block-gallery-1 is-layout-flex wp-block-gallery-is-layout-flex">
<figure class="wp-block-image size-large"><img loading="lazy" decoding="async" width="1024" height="768" data-id="83" src="https://matto-barfuss-stiftung.de/wp-content/uploads/2025/07/DSC07735-Kopie-1024x768.jpeg" alt="" class="wp-image-83" srcset="https://matto-barfuss-stiftung.de/wp-content/uploads/2025/07/DSC07735-Kopie-1024x768.jpeg 1024w, https://matto-barfuss-stiftung.de/wp-content/uploads/2025/07/DSC07735-Kopie-300x225.jpeg 300w, https://matto-barfuss-stiftung.de/wp-content/uploads/2025/07/DSC07735-Kopie-768x576.jpeg 768w, https://matto-barfuss-stiftung.de/wp-content/uploads/2025/07/DSC07735-Kopie-1536x1152.jpeg 1536w, https://matto-barfuss-stiftung.de/wp-content/uploads/2025/07/DSC07735-Kopie.jpeg 1920w" sizes="auto, (max-width: 1024px) 100vw, 1024px" /></figure>



<figure class="wp-block-image size-large"><img loading="lazy" decoding="async" width="1024" height="683" data-id="84" src="https://matto-barfuss-stiftung.de/wp-content/uploads/2025/07/P1170947-Kopie-1024x683.jpeg" alt="" class="wp-image-84" srcset="https://matto-barfuss-stiftung.de/wp-content/uploads/2025/07/P1170947-Kopie-1024x683.jpeg 1024w, https://matto-barfuss-stiftung.de/wp-content/uploads/2025/07/P1170947-Kopie-300x200.jpeg 300w, https://matto-barfuss-stiftung.de/wp-content/uploads/2025/07/P1170947-Kopie-768x512.jpeg 768w, https://matto-barfuss-stiftung.de/wp-content/uploads/2025/07/P1170947-Kopie-1536x1024.jpeg 1536w, https://matto-barfuss-stiftung.de/wp-content/uploads/2025/07/P1170947-Kopie.jpeg 1920w" sizes="auto, (max-width: 1024px) 100vw, 1024px" /></figure>



<figure class="wp-block-image size-large"><img loading="lazy" decoding="async" width="1024" height="768" data-id="82" src="https://matto-barfuss-stiftung.de/wp-content/uploads/2025/07/DSC06947-Kopie-1024x768.jpeg" alt="" class="wp-image-82" srcset="https://matto-barfuss-stiftung.de/wp-content/uploads/2025/07/DSC06947-Kopie-1024x768.jpeg 1024w, https://matto-barfuss-stiftung.de/wp-content/uploads/2025/07/DSC06947-Kopie-300x225.jpeg 300w, https://matto-barfuss-stiftung.de/wp-content/uploads/2025/07/DSC06947-Kopie-768x576.jpeg 768w, https://matto-barfuss-stiftung.de/wp-content/uploads/2025/07/DSC06947-Kopie-1536x1152.jpeg 1536w, https://matto-barfuss-stiftung.de/wp-content/uploads/2025/07/DSC06947-Kopie.jpeg 1980w" sizes="auto, (max-width: 1024px) 100vw, 1024px" /></figure>
</figure>



<p><strong>für Schulen&#8230;</strong></p>



<p>Matto kommt und zeigt seine Multivision als 60 Minuten Variante mit anschließend ausführlicher Fragerunde und Hinführung zum Thema Artenschutz im globalen Zusammenhang &#8211; auch das Thema, dass z.B. Vögel, die bei uns brüten in Afrika überwintern und schon von daher Kommunikation und gemeinsame Bemühungen für Artenvielfalt Sinn machen.</p>



<p>Die Kinder agieren als ‚globale Botschafter‘. Das kann sein, dass Sie Kunstwerke zum Thema gestalten, einen Kurzfilm erstellen, einen Appell als Kapitel für das nun interaktive Schulbuch (siehe Kasten). Die Kinder sind aktive und verantwortliche Partei auf eine positive und progressive Art für ein wichtiges Thema.</p>



<p><strong>&#8230; für Kommunen</strong></p>



<p>Das Thema globale Verantwortung und Biodiversität wird von uns in verschiedenen Medien zur Verfügung gestellt. Es gibt folgende Möglichkeiten:</p>



<p>&#8211; Abendfüllende Live-Multivision mit Matto Barfuss mit und ohne Fragerunde</p>



<p>&#8211; Ausstellung der Kunstsammlung PAMBARA zum Thema &#8222;Wie gehen wir mit unserem Planeten um und wem gehört er&#8220;</p>



<p>&#8211; Diskussionsveranstaltungen</p>



<p><strong>&#8230; für regionale Unternehmen</strong></p>



<p>&#8211; Incentives</p>



<p>&#8211; Flagge zeigen für die regionale Stärke. Kinder, die früh an globale Verantwortung herangeführt werden, werden starke Persönlichkeiten, die sich in einer komplexen Welt durchsetzen können. Unternehmen, die diese Projekte unterstützen, haben die Chance auf engagierte&nbsp;</p>



<p>Mitarbeiter in der Zukunft und eine starke regionale Entwicklung (Standortvorteil).</p>



<p></p>



<p><strong>&#8230; der Mehrwert für alle</strong></p>



<p>Unsere Welt ist komplex und steht vor großen Herausforderungen. Projekte wie diese, die das Zuhören, Verstehen, Diskutieren und Handeln fördern setzen ein Zeichen für eine globale Zukunftsperspektive mit einer engagierten Gesellschaft.</p>



<p></p>



<p>Kontakt: <a href="mailto:mail@matto-barfuss.de">mail@matto-barfuss.de</a></p>


<div class="wp-block-image">
<figure class="aligncenter size-large is-resized has-lightbox"><a href="https://matto-barfuss-stiftung.de/wp-content/uploads/2025/07/Projekt-Artenvielfalt-und-globale-Verantwortung.pdf" target="_blank" rel=" noreferrer noopener"><img loading="lazy" decoding="async" width="722" height="1024" src="https://matto-barfuss-stiftung.de/wp-content/uploads/2025/07/SH-Konzept-Artenschutz-und-globale-Verantwortung-Kopie-722x1024.jpg" alt="Artenvielfalt als Eventkonzept" class="wp-image-95" style="width:304px;height:auto" srcset="https://matto-barfuss-stiftung.de/wp-content/uploads/2025/07/SH-Konzept-Artenschutz-und-globale-Verantwortung-Kopie-722x1024.jpg 722w, https://matto-barfuss-stiftung.de/wp-content/uploads/2025/07/SH-Konzept-Artenschutz-und-globale-Verantwortung-Kopie-212x300.jpg 212w, https://matto-barfuss-stiftung.de/wp-content/uploads/2025/07/SH-Konzept-Artenschutz-und-globale-Verantwortung-Kopie-768x1089.jpg 768w, https://matto-barfuss-stiftung.de/wp-content/uploads/2025/07/SH-Konzept-Artenschutz-und-globale-Verantwortung-Kopie-1084x1536.jpg 1084w, https://matto-barfuss-stiftung.de/wp-content/uploads/2025/07/SH-Konzept-Artenschutz-und-globale-Verantwortung-Kopie-1445x2048.jpg 1445w, https://matto-barfuss-stiftung.de/wp-content/uploads/2025/07/SH-Konzept-Artenschutz-und-globale-Verantwortung-Kopie.jpg 1528w" sizes="auto, (max-width: 722px) 100vw, 722px" /></a><figcaption class="wp-element-caption">Hier ein interaktives PDF zu einer möglichen Veranstaltung oder Veranstaltungsreihe in Eurer Kommune oder Schule. (auf das Bild klicken).</figcaption></figure>
</div>


<hr class="wp-block-coblocks-dynamic-separator" style="height:50px"/>



<h4 class="wp-block-heading">Hier Trailer der zwei Präsentationen, die es in 100 und 60 Minuten Fassungen gibt:</h4>



<div class="wp-block-columns alignfull is-layout-flex wp-container-core-columns-is-layout-9d6595d7 wp-block-columns-is-layout-flex">
<div class="wp-block-column is-layout-flow wp-block-column-is-layout-flow">
<figure class="wp-block-embed is-type-video is-provider-vimeo wp-block-embed-vimeo wp-embed-aspect-16-9 wp-has-aspect-ratio"><div class="wp-block-embed__wrapper">
<iframe loading="lazy" title="Wild und Weit - 30 Jahre - Showtrailer" src="https://player.vimeo.com/video/1032399593?dnt=1&amp;app_id=122963" width="660" height="371" frameborder="0" allow="autoplay; fullscreen; picture-in-picture; clipboard-write; encrypted-media; web-share" referrerpolicy="strict-origin-when-cross-origin"></iframe>
</div></figure>
</div>



<div class="wp-block-column is-layout-flow wp-block-column-is-layout-flow">
<figure class="wp-block-embed is-type-video is-provider-vimeo wp-block-embed-vimeo wp-embed-aspect-16-9 wp-has-aspect-ratio"><div class="wp-block-embed__wrapper">
<iframe loading="lazy" title="AFRIKA - 30 wilde Jahre für die Vielfalt" src="https://player.vimeo.com/video/1028139582?dnt=1&amp;app_id=122963" width="660" height="371" frameborder="0" allow="autoplay; fullscreen; picture-in-picture; clipboard-write; encrypted-media; web-share" referrerpolicy="strict-origin-when-cross-origin"></iframe>
</div></figure>
</div>
</div>



<div class="wp-block-columns is-layout-flex wp-container-core-columns-is-layout-9d6595d7 wp-block-columns-is-layout-flex">
<div class="wp-block-column is-layout-flow wp-block-column-is-layout-flow"></div>



<div class="wp-block-column is-layout-flow wp-block-column-is-layout-flow"></div>



<div class="wp-block-column is-layout-flow wp-block-column-is-layout-flow"></div>



<div class="wp-block-column is-layout-flow wp-block-column-is-layout-flow"></div>
</div>



<div class="wp-block-columns alignfull is-layout-flex wp-container-core-columns-is-layout-9d6595d7 wp-block-columns-is-layout-flex">
<div class="wp-block-column is-layout-flow wp-block-column-is-layout-flow" style="flex-basis:20%"></div>
</div>



<p></p>



<p></p>

<p>Biodiversität in Afrika und vor „unserer Haustür“ in Europa gehören zusammen Ein Projekt der Matto Barfuss Stiftung für Kommunen, Kulturämter,&nbsp;Schulen und Unternehmen für Schulen&#8230; Matto kommt und zeigt seine Multivision als 60 Minuten Variante mit anschließend ausführlicher Fragerunde und Hinführung zum Thema Artenschutz im globalen Zusammenhang &#8211; auch das Thema, dass z.B. Vögel, die bei [&hellip;]</p>
