{"id":213,"date":"2026-04-10T19:34:12","date_gmt":"2026-04-10T19:34:12","guid":{"rendered":"https:\/\/matto-barfuss-stiftung.de\/de\/?page_id=213"},"modified":"2026-04-10T19:34:14","modified_gmt":"2026-04-10T19:34:14","slug":"die-vorstaende","status":"publish","type":"page","link":"https:\/\/matto-barfuss-stiftung.de\/en\/die-vorstaende\/","title":{"rendered":"Die Vorst\u00e4nde"},"content":{"rendered":"\n<h5 class=\"wp-block-heading has-text-align-center\"><strong>Matto Barfuss &#8211; CEO und Gr\u00fcnder der Stiftung<\/strong><\/h5>\n\n\n<div class=\"wp-block-image\">\n<figure class=\"aligncenter size-large is-resized\"><img loading=\"lazy\" decoding=\"async\" width=\"1024\" height=\"758\" src=\"https:\/\/matto-barfuss-stiftung.de\/wp-content\/uploads\/2025\/07\/PR-Matto-Kino-1-1024x758.jpg\" alt=\"Kinofilme von Matto Barfuss\" class=\"wp-image-73\" style=\"width:356px;height:auto\" srcset=\"https:\/\/matto-barfuss-stiftung.de\/wp-content\/uploads\/2025\/07\/PR-Matto-Kino-1-1024x758.jpg 1024w, https:\/\/matto-barfuss-stiftung.de\/wp-content\/uploads\/2025\/07\/PR-Matto-Kino-1-300x222.jpg 300w, https:\/\/matto-barfuss-stiftung.de\/wp-content\/uploads\/2025\/07\/PR-Matto-Kino-1-768x569.jpg 768w, https:\/\/matto-barfuss-stiftung.de\/wp-content\/uploads\/2025\/07\/PR-Matto-Kino-1-1536x1137.jpg 1536w, https:\/\/matto-barfuss-stiftung.de\/wp-content\/uploads\/2025\/07\/PR-Matto-Kino-1-2048x1516.jpg 2048w\" sizes=\"auto, (max-width: 1024px) 100vw, 1024px\" \/><\/figure>\n<\/div>\n\n\n<p>&#8220;Der Erhalt der Vielfalt der Arten ist eine der gr\u00f6\u00dften Herausforderungen unserer Zeit. Wir m\u00f6chten mit der Matto Barfuss Stiftung einen Beitrag leisten ARTenVielfalt ins Bewusstsein zu r\u00fccken und konkret in Afrika insbesondere Geparden und die Vielfalt zu erhalten. Die Stiftung wird einmal mein gesamtes Lebenswerk &#8211; das Kunsthaus, die Kunstsammlung, das umfangreiche Foto- und Filmarchiv und s\u00e4mtliche rechte an Filmen und B\u00fccher &#8211; erhalten.&#8221;<\/p>\n\n\n\n<p><\/p>\n\n\n\n<p><\/p>\n\n\n\n<h5 class=\"wp-block-heading has-text-align-center\"><strong>Anton Lill &#8211; Vorstand <\/strong><\/h5>\n\n\n<div class=\"wp-block-image\">\n<figure class=\"aligncenter size-large is-resized\"><img loading=\"lazy\" decoding=\"async\" width=\"685\" height=\"1024\" src=\"https:\/\/matto-barfuss-stiftung.de\/wp-content\/uploads\/2026\/04\/Anton-Lill-Foto-685x1024.jpg\" alt=\"\" class=\"wp-image-214\" style=\"aspect-ratio:0.6689479250917688;width:304px;height:auto\" srcset=\"https:\/\/matto-barfuss-stiftung.de\/wp-content\/uploads\/2026\/04\/Anton-Lill-Foto-685x1024.jpg 685w, https:\/\/matto-barfuss-stiftung.de\/wp-content\/uploads\/2026\/04\/Anton-Lill-Foto-201x300.jpg 201w, https:\/\/matto-barfuss-stiftung.de\/wp-content\/uploads\/2026\/04\/Anton-Lill-Foto-768x1147.jpg 768w, https:\/\/matto-barfuss-stiftung.de\/wp-content\/uploads\/2026\/04\/Anton-Lill-Foto-1028x1536.jpg 1028w, https:\/\/matto-barfuss-stiftung.de\/wp-content\/uploads\/2026\/04\/Anton-Lill-Foto-1371x2048.jpg 1371w, https:\/\/matto-barfuss-stiftung.de\/wp-content\/uploads\/2026\/04\/Anton-Lill-Foto-scaled.jpg 1714w\" sizes=\"auto, (max-width: 685px) 100vw, 685px\" \/><\/figure>\n<\/div>\n\n\n<p>&#8220;Artenschutz ist bereits heute ein wichtiges Element f\u00fcr eine nachhaltige Zukunft unserer Erde und uns Menschen. F\u00fcr den nat\u00fcrlichen Artenschutz von Wildtieren,\u00a0insbesondere Gro\u00dfkatzen (die bereits alle bedroht sind), gibt es weltweit kaum integrierte Programme, die Mensch-Tier-Konflikte und schulische Fr\u00fcherziehung beinhalten.<\/p>\n\n\n\n<p>Beides sind Bestandteile aller Aktivit\u00e4ten der Matto-Barfuss-Stiftung und der Stifter selbst ist der beste Garant daf\u00fcr.&#8221;<\/p>\n\n\n\n<p><\/p>\n\n\n\n<p><\/p>\n\n\n\n<h5 class=\"wp-block-heading has-text-align-center\"><strong>Martin B\u00e4ppler &#8211; Vorstand<\/strong><\/h5>\n\n\n<div class=\"wp-block-image\">\n<figure class=\"aligncenter size-full is-resized\"><img loading=\"lazy\" decoding=\"async\" width=\"461\" height=\"640\" src=\"https:\/\/matto-barfuss-stiftung.de\/wp-content\/uploads\/2026\/04\/Baeppler-Martin-Foto.jpg\" alt=\"\" class=\"wp-image-215\" style=\"width:297px;height:auto\" srcset=\"https:\/\/matto-barfuss-stiftung.de\/wp-content\/uploads\/2026\/04\/Baeppler-Martin-Foto.jpg 461w, https:\/\/matto-barfuss-stiftung.de\/wp-content\/uploads\/2026\/04\/Baeppler-Martin-Foto-216x300.jpg 216w\" sizes=\"auto, (max-width: 461px) 100vw, 461px\" \/><\/figure>\n<\/div>","protected":false},"excerpt":{"rendered":"<p>Matto Barfuss &#8211; CEO und Gr\u00fcnder der Stiftung &#8220;Der Erhalt der Vielfalt der Arten ist eine der gr\u00f6\u00dften Herausforderungen unserer Zeit. Wir m\u00f6chten mit der Matto Barfuss Stiftung einen Beitrag leisten ARTenVielfalt ins Bewusstsein zu r\u00fccken und konkret in Afrika insbesondere Geparden und die Vielfalt zu erhalten. Die Stiftung wird einmal mein gesamtes Lebenswerk &#8211; [&hellip;]<\/p>\n","protected":false},"author":1,"featured_media":0,"parent":0,"menu_order":0,"comment_status":"closed","ping_status":"closed","template":"","meta":{"_coblocks_attr":"","_coblocks_dimensions":"","_coblocks_responsive_height":"","_coblocks_accordion_ie_support":"","hide_page_title":"","footnotes":""},"class_list":["post-213","page","type-page","status-publish","hentry"],"_links":{"self":[{"href":"https:\/\/matto-barfuss-stiftung.de\/en\/wp-json\/wp\/v2\/pages\/213","targetHints":{"allow":["GET"]}}],"collection":[{"href":"https:\/\/matto-barfuss-stiftung.de\/en\/wp-json\/wp\/v2\/pages"}],"about":[{"href":"https:\/\/matto-barfuss-stiftung.de\/en\/wp-json\/wp\/v2\/types\/page"}],"author":[{"embeddable":true,"href":"https:\/\/matto-barfuss-stiftung.de\/en\/wp-json\/wp\/v2\/users\/1"}],"replies":[{"embeddable":true,"href":"https:\/\/matto-barfuss-stiftung.de\/en\/wp-json\/wp\/v2\/comments?post=213"}],"version-history":[{"count":1,"href":"https:\/\/matto-barfuss-stiftung.de\/en\/wp-json\/wp\/v2\/pages\/213\/revisions"}],"predecessor-version":[{"id":216,"href":"https:\/\/matto-barfuss-stiftung.de\/en\/wp-json\/wp\/v2\/pages\/213\/revisions\/216"}],"wp:attachment":[{"href":"https:\/\/matto-barfuss-stiftung.de\/en\/wp-json\/wp\/v2\/media?parent=213"}],"curies":[{"name":"wp","href":"https:\/\/api.w.org\/{rel}","templated":true}]}}

Die Vorstände

<h5 class="wp-block-heading has-text-align-center"><strong>Matto Barfuss &#8211; CEO und Gründer der Stiftung</strong></h5>


<div class="wp-block-image">
<figure class="aligncenter size-large is-resized"><img loading="lazy" decoding="async" width="1024" height="758" src="https://matto-barfuss-stiftung.de/wp-content/uploads/2025/07/PR-Matto-Kino-1-1024x758.jpg" alt="Kinofilme von Matto Barfuss" class="wp-image-73" style="width:356px;height:auto" srcset="https://matto-barfuss-stiftung.de/wp-content/uploads/2025/07/PR-Matto-Kino-1-1024x758.jpg 1024w, https://matto-barfuss-stiftung.de/wp-content/uploads/2025/07/PR-Matto-Kino-1-300x222.jpg 300w, https://matto-barfuss-stiftung.de/wp-content/uploads/2025/07/PR-Matto-Kino-1-768x569.jpg 768w, https://matto-barfuss-stiftung.de/wp-content/uploads/2025/07/PR-Matto-Kino-1-1536x1137.jpg 1536w, https://matto-barfuss-stiftung.de/wp-content/uploads/2025/07/PR-Matto-Kino-1-2048x1516.jpg 2048w" sizes="auto, (max-width: 1024px) 100vw, 1024px" /></figure>
</div>


<p>&#8220;Der Erhalt der Vielfalt der Arten ist eine der größten Herausforderungen unserer Zeit. Wir möchten mit der Matto Barfuss Stiftung einen Beitrag leisten ARTenVielfalt ins Bewusstsein zu rücken und konkret in Afrika insbesondere Geparden und die Vielfalt zu erhalten. Die Stiftung wird einmal mein gesamtes Lebenswerk &#8211; das Kunsthaus, die Kunstsammlung, das umfangreiche Foto- und Filmarchiv und sämtliche rechte an Filmen und Bücher &#8211; erhalten.&#8221;</p>



<p></p>



<p></p>



<h5 class="wp-block-heading has-text-align-center"><strong>Anton Lill &#8211; Vorstand </strong></h5>


<div class="wp-block-image">
<figure class="aligncenter size-large is-resized"><img loading="lazy" decoding="async" width="685" height="1024" src="https://matto-barfuss-stiftung.de/wp-content/uploads/2026/04/Anton-Lill-Foto-685x1024.jpg" alt="" class="wp-image-214" style="aspect-ratio:0.6689479250917688;width:304px;height:auto" srcset="https://matto-barfuss-stiftung.de/wp-content/uploads/2026/04/Anton-Lill-Foto-685x1024.jpg 685w, https://matto-barfuss-stiftung.de/wp-content/uploads/2026/04/Anton-Lill-Foto-201x300.jpg 201w, https://matto-barfuss-stiftung.de/wp-content/uploads/2026/04/Anton-Lill-Foto-768x1147.jpg 768w, https://matto-barfuss-stiftung.de/wp-content/uploads/2026/04/Anton-Lill-Foto-1028x1536.jpg 1028w, https://matto-barfuss-stiftung.de/wp-content/uploads/2026/04/Anton-Lill-Foto-1371x2048.jpg 1371w, https://matto-barfuss-stiftung.de/wp-content/uploads/2026/04/Anton-Lill-Foto-scaled.jpg 1714w" sizes="auto, (max-width: 685px) 100vw, 685px" /></figure>
</div>


<p>&#8220;Artenschutz ist bereits heute ein wichtiges Element für eine nachhaltige Zukunft unserer Erde und uns Menschen. Für den natürlichen Artenschutz von Wildtieren, insbesondere Großkatzen (die bereits alle bedroht sind), gibt es weltweit kaum integrierte Programme, die Mensch-Tier-Konflikte und schulische Früherziehung beinhalten.</p>



<p>Beides sind Bestandteile aller Aktivitäten der Matto-Barfuss-Stiftung und der Stifter selbst ist der beste Garant dafür.&#8221;</p>



<p></p>



<p></p>



<h5 class="wp-block-heading has-text-align-center"><strong>Martin Bäppler &#8211; Vorstand</strong></h5>


<div class="wp-block-image">
<figure class="aligncenter size-full is-resized"><img loading="lazy" decoding="async" width="461" height="640" src="https://matto-barfuss-stiftung.de/wp-content/uploads/2026/04/Baeppler-Martin-Foto.jpg" alt="" class="wp-image-215" style="width:297px;height:auto" srcset="https://matto-barfuss-stiftung.de/wp-content/uploads/2026/04/Baeppler-Martin-Foto.jpg 461w, https://matto-barfuss-stiftung.de/wp-content/uploads/2026/04/Baeppler-Martin-Foto-216x300.jpg 216w" sizes="auto, (max-width: 461px) 100vw, 461px" /></figure>
</div>

<p>Matto Barfuss &#8211; CEO und Gründer der Stiftung &#8220;Der Erhalt der Vielfalt der Arten ist eine der größten Herausforderungen unserer Zeit. Wir möchten mit der Matto Barfuss Stiftung einen Beitrag leisten ARTenVielfalt ins Bewusstsein zu rücken und konkret in Afrika insbesondere Geparden und die Vielfalt zu erhalten. Die Stiftung wird einmal mein gesamtes Lebenswerk &#8211; [&hellip;]</p>
